. Let l(i) = i - 3*i - 15 - 5*i + 0*i. Let q(r) = -5*j(r) + 3*l(r). What is the units digit of q(-11)?
6
Let o(l) = l**2 - 2*l + 5. What is the tens digit of o(6)?
2
Let r(x) = x**2 - 4*x + 6. Let d be r(-5). Let c = d + -4. Suppose 5*u - 4*b = c, -u + 49 = 4*u - 3*b. What is the units digit of u?
1
Suppose -2*z - 20 = g + 4*g, 5*z - 4*g + 50 = 0. Let q = 15 + z. Suppose 3*r - r = -q*n + 1, -4*r - 2*n = -26. What is the units digit of r?
8
Suppose 0 = 4*c - 0*c - 112. Suppose b = t - 7, -t = t + 5*b - c. Let a = t - 5. What is the units digit of a?
4
Let o = -4 - -8. Suppose 0 = -3*a + o*a. Suppose a = 3*t - 0 - 33. What is the units digit of t?
1
Let z(i) = i**3 - 10*i**2 + 11*i + 4. Let u be z(9). Suppose 2*j - u = 3*x + 2*x, 16 = -4*j. What is the tens digit of 9*-5*2/x?
1
Let q(y) = -11*y - 3. What is the tens digit of q(-6)?
6
Let i be ((-2)/(-3))/(6/63). Suppose 12*w - 225 = i*w. What is the tens digit of w?
4
Let a = 17 + -8. What is the units digit of a - (12/(-3))/(-2)?
7
Let j be 9/(-27) - (-170)/6. Let n = -16 + j. Let t(p) = -p**2 + 14*p - 12. What is the units digit of t(n)?
2
Let h(i) = -2*i + 29. What is the tens digit of h(0)?
2
Suppose 3*g = 6*k - 3*k - 72, -4*k = -5*g - 98. Let n = -7 + k. What is the units digit of n?
5
Let m = 7 - 2. Suppose 40 = m*g + 5*r, g - 4*r - 20 = -7. Suppose -3*f + 2 = 3*q - 4, -3*f = 4*q - g. What is the units digit of q?
3
Suppose 0 = 4*k - 8*h + 9*h - 1227, -5*h - 597 = -2*k. What is the tens digit of k?
0
Let x = 18 - 18. Let z(f) = -f**2 - f + 16. What is the tens digit of z(x)?
1
Let b(j) = -j + 7. Suppose m + 3 = 2*m + 4*n, -5*m + 3*n - 31 = 0. Let l(w) = -w + 8. Let i(f) = m*b(f) + 4*l(f). What is the units digit of i(8)?
5
Suppose -1 = s - 2*s + 4*t, 0 = 4*s + 4*t - 4. Let f be 396/1 - s - 0. What is the units digit of f/45 - (-4)/18?
9
Suppose 2*d - 2*c = 86 - 14, 144 = 4*d + 4*c. What is the tens digit of d?
3
Let o = 16 + -7. Suppose 2 = g - o. What is the units digit of g?
1
Suppose 2*h + 1 + 1 = -x, 0 = -h - 1. Suppose -2*y + 5*y - 3*t - 9 = x, -2*t + 6 = 4*y. Suppose 3*k - 25 = -y*c, k + 0 = -c + 10. What is the units digit of c?
5
Suppose 5*y - 70 = -p, -3*y + 3*p + 36 = -24. What is the tens digit of y?
1
Let b be (-3)/2*-2 + -1. Suppose 5*n - 12 = 2*n. Suppose b*i - i - 7 = 3*h, 2*i - 4 = -n*h. What is the units digit of i?
4
Suppose 3*j - 26 = j. What is the tens digit of j?
1
Let p(w) = w + 2. Let f be p(-2). Let a(u) = -u**2. Let s be a(f). Suppose 0*b - 4 = -r - b, s = -5*b + 15. What is the units digit of r?
1
Suppose -3*b - 5*j = b - 369, 359 = 4*b - 5*j. What is the tens digit of b?
9
Suppose -260 - 356 = -4*a. What is the units digit of a?
4
Let x be 1*-1 + (3 - 1). Let d be ((-14)/(-6))/(x/3). Suppose -4*s + d = -17. What is the units digit of s?
6
Suppose -3*j = -n + 37, 3*j + 208 = 4*n + 51. Suppose -3*c = c - n. What is the units digit of (-4)/(-6) + c/3?
4
Let w be (1 - 5)/(8/(-6)). What is the units digit of (4/w)/(1/33)?
4
Let t(c) = 17*c**2 - 5*c - 2. What is the tens digit of t(-2)?
7
Suppose -4*x + 5*p = 5 - 22, -x = -3*p - 13. Let w = 8 + x. What is the units digit of w?
6
Let l = -4 - -8. Suppose -10 = 2*h - l*h. What is the units digit of h?
5
What is the tens digit of 4 + (-70 + 2)/(-2)?
3
Let j(p) = -p**3 + 6*p**2 - 4*p + 5. Let x be j(4). Suppose r = -2*r - x. What is the units digit of (-7)/14 + r/(-2)?
3
Let w be 26/6 - 4/(-6). Suppose -w*a = -a - 12. Suppose -3*j + 3*l + 9 = 0, l - a*l - 2 = 0. What is the units digit of j?
2
Let g = 51 - 71. Let k = g + 4. Let x = k + 28. What is the units digit of x?
2
Let w be (4 + -3)/(2/30). What is the tens digit of 1*2 + -4 + w?
1
Suppose -4*l = -0*l - 72. What is the tens digit of l?
1
What is the units digit of 6/45 + (-532)/(-60)?
9
Let c(y) = 2*y - 6. Let h be c(9). What is the tens digit of 3/h*-46*-2?
2
Let h(r) = 5*r**2 - 10*r + 18. What is the hundreds digit of h(7)?
1
Let z(i) be the third derivative of -i**5/60 - 3*i**4/4 - i**3/2 + 2*i**2. What is the tens digit of z(-17)?
1
Suppose x + 5*x = 492. What is the tens digit of x?
8
Let x be (-4)/(-6) - (-16)/12. What is the units digit of x/(-3) + 5/3?
1
Suppose -2*y = 2*y - 20. Suppose y = -3*b + 41. What is the units digit of (-2 + 63/b)*4?
3
Let y(k) = -k**3 - 12*k**2 + 13*k + 14. What is the tens digit of y(-13)?
1
Let z(t) = 0 - 5*t**2 - t**3 - 4*t + 6 + 10*t**2. Let h(n) = n + 4. Let d be h(0). What is the units digit of z(d)?
6
Let j(q) = q**2 + 9*q - 9. Let p be j(-10). Let c be (-10)/p + 2 - -1. Let k = 3 - c. What is the units digit of k?
0
What is the units digit of (-2)/(-4)*((50 - -6) + 2)?
9
Let v(a) = -a**3 + 9*a**2 - 8*a + 5. Let m be v(8). Let b = m - 2. What is the units digit of b?
3
Suppose 76 = 4*a - 0*a. Suppose -9 - a = -4*w. What is the units digit of w?
7
Let g = -15 - -23. Suppose -2*r = 2*r + g, -2*r - 14 = -5*p. Let b = 6 - p. What is the units digit of b?
4
Let u = 22 - 26. Suppose 0 = 3*j - 0 - 12, 2*t = -5*j + 42. Let x = u + t. What is the units digit of x?
7
Let j be 0 + 14 + (-2)/1. Suppose r = j - 1. What is the units digit of r?
1
Let h = 13 - -13. What is the tens digit of h?
2
Let c(a) = 74*a - 3. What is the tens digit of c(1)?
7
Let z be (-4)/(-2) - 6*-1. Suppose -8 = -t + z. Suppose 0 = -4*g - t, -4*g - 11 = -n + 2*n. What is the units digit of n?
5
Let v(f) = -f**2 + 17*f - 8. Let t be v(17). Let p = -2 - -4. Let d = p - t. What is the tens digit of d?
1
What is the tens digit of 65 - (7 + 15/(-5))?
6
Let v = 0 + 0. Let t be 1 + 0 + 1 - 2. What is the units digit of (3 + t - v) + -2?
1
Suppose 4*q = -q + 130. What is the tens digit of q?
2
Let s(j) = -j**3 + 3*j + 2. Let i be s(-2). Suppose 0*l + 5*l = 150. Suppose -8*a + 10 = -3*a, -i*a = 2*o - l. What is the tens digit of o?
1
Suppose -5*w - t = 47, -5*w - 3*t + t - 49 = 0. Let x = 2 - w. What is the units digit of x?
1
Let z = -129 - -164. What is the units digit of z?
5
Let i = 0 - -2. Suppose 5*x + 18 = u, -6 = -i*x + 5*u - 4. Let p(d) = d**2 + d - 3. What is the units digit of p(x)?
9
Let r(h) = -h**2 - 6*h + 7. Let i be r(-7). Suppose 4*j - j - 102 = i. What is the units digit of j?
4
Let l(o) = o**2 + 0 + 0*o**3 - 1 - o**3 - o. Let c be l(-1). What is the units digit of c + 0 - (0 - -1)?
1
Suppose -5*h + d + 100 = -2*d, 3*h + 3*d = 36. Let q = h - 16. What is the units digit of q?
1
Let f(t) be the third derivative of t**6/120 - t**5/30 + t**4/8 - t**3/6 - 6*t**2. What is the units digit of f(2)?
5
Let a = 243 + -160. Suppose -p - 4*o + a = -4, 3*p - 269 = -4*o. What is the units digit of p/14 - 6/(-4)?
8
Suppose t - 5*t - 92 = -5*k, -3*k = 3*t + 96. Let x = -64 + 23. Let d = t - x. What is the tens digit of d?
1
Let f(z) = -3*z + 1. Suppose -4 + 2 = 2*a. Let q be f(a). Suppose 3*n - n - q = 0. What is the units digit of n?
2
Let u(n) = -n - 13. Let t be u(-9). What is the tens digit of 9/(-1 - 6/t)?
1
Let y(j) = 9*j**2 + j + 1. Let g be y(-1). Suppose 3*f - 8 = -2*v, -5*f + g = -0*v - v. What is the units digit of f?
2
Let h = -16 + 25. Suppose 4*j = h + 139. What is the tens digit of j?
3
Suppose 0 = -r + 2*r - 2. Suppose r*v + 4*u + 8 = 0, 4*v - 12 = -4*u + 3*u. What is the units digit of v?
4
Let t = 148 + -105. What is the units digit of t?
3
Let k(u) = -22*u - 2. Let t be k(-5). Suppose 6*c - t = 2*c. Suppose 5*y + c = 3*m + 2*y, 0 = -m - 2*y - 3. What is the units digit of m?
5
Let b = -8 - -14. Suppose -7*d = -b*d - 11. What is the units digit of d?
1
Let z(m) be the second derivative of 4*m**2 - 1/12*m**4 - 7/6*m**3 + 0 + 2*m. What is the units digit of z(-7)?
8
Suppose 2*k = k. Suppose 5*p = -3*m + 4*m - 5, -2*m - p + 43 = k. What is the units digit of m?
0
What is the units digit of 44/2 - (-10)/(-5)?
0
Let d be (-10)/5*(-11)/(-2). Let t = d + 23. What is the units digit of t?
2
Suppose 3*q + 4 = 2*d - 0, 0 = q. Let k be -1*d - (-4)/2. What is the tens digit of 45/(-6)*(k - 2)?
1
Suppose -5*r = -p - 76, -3*p = -8 - 4. Suppose r = -0*y - 4*y, 3*y = -4*u - 152. What is the tens digit of 21/u + 68/5?
1
What is the units digit of (20 - -2)*15/6?
5
What is the units digit of -2*18/(-4)*165/9?
5
Let q(j) = j**2 - 3*j - 7. Suppose -55 = -7*h + 2*h. Let u = h + -6. What is the units digit of q(u)?
3
Let t = 7 - 5. Let k(z) = z**t + 1 + 0*z - 2*z + 9*